e tens digit of 471541?
4
What is the ten thousands digit of 998634?
9
What is the thousands digit of 16373?
6
What is the units digit of 5058980?
0
What is the units digit of 21541327?
7
What is the thousands digit of 247540?
7
What is the ten millions digit of 34143909?
3
What is the millions digit of 4132027?
4
What is the thousands digit of 4497233?
7
What is the millions digit of 1351668?
1
What is the tens digit of 901164?
6
What is the units digit of 151989?
9
What is the thousands digit of 1689915?
9
What is the hundreds digit of 203537?
5
What is the ten thousands digit of 18755300?
5
What is the units digit of 396854?
4
What is the thousands digit of 458025?
8
What is the hundreds digit of 976228?
2
What is the tens digit of 3268934?
3
What is the units digit of 3942991?
1
What is the tens digit of 530369?
6
What is the tens digit of 445630?
3
What is the units digit of 11487206?
6
What is the tens digit of 593224?
2
What is the hundreds digit of 37422?
4
What is the thousands digit of 460195?
0
What is the hundred thousands digit of 957422?
9
What is the hundreds digit of 2800453?
4
What is the thousands digit of 177651?
7
What is the ten thousands digit of 6436517?
3
What is the units digit of 1636938?
8
What is the thousands digit of 17942075?
2
What is the hundred thousands digit of 4570187?
5
What is the ten thousands digit of 816453?
1
What is the hundred thousands digit of 8951893?
9
What is the units digit of 374992?
2
What is the ten thousands digit of 3179075?
7
What is the hundred thousands digit of 180118?
1
What is the units digit of 206847?
7
What is the thousands digit of 334284?
4
What is the thousands digit of 424113?
4
What is the thousands digit of 1843340?
3
What is the tens digit of 89951?
5
What is the tens digit of 1344502?
0
What is the hundred thousands digit of 2213674?
2
What is the hundreds digit of 75853?
8
What is the units digit of 670956?
6
What is the hundred thousands digit of 1773392?
7
What is the hundreds digit of 99519?
5
What is the thousands digit of 26839498?
9
What is the thousands digit of 349205?
9
What is the hundred thousands digit of 2412256?
4
What is the tens digit of 283463?
6
What is the hundreds digit of 39184570?
5
What is the tens digit of 38700998?
9
What is the hundreds digit of 7159937?
9
What is the thousands digit of 18381781?
1
What is the thousands digit of 4344252?
4
What is the ten thousands digit of 2663962?
6
What is the hundreds digit of 1896196?
1
What is the ten thousands digit of 729168?
2
What is the ten thousands digit of 1224962?
2
What is the ten thousands digit of 1581215?
8
What is the tens digit of 2459128?
2
What is the tens digit of 2973072?
7
What is the ten thousands digit of 12753310?
5
What is the hundred thousands digit of 335147?
3
What is the hundreds digit of 7169455?
4
What is the hundreds digit of 1823990?
9
What is the units digit of 966119?
9
What is the thousands digit of 220993?
0
What is the thousands digit of 14025625?
5
What is the tens digit of 664319?
1
What is the units digit of 3936329?
9
What is the units digit of 12220846?
6
What is the hundreds digit of 8912380?
3
What is the hundred thousands digit of 14791708?
7
What is the thousands digit of 567277?
7
What is the hundred thousands digit of 577886?
5
What is the units digit of 1269789?
9
What is the hundred thousands digit of 285784?
2
What is the thousands digit of 280202?
0
What is the ten thousands digit of 681802?
8
What is the ten thousands digit of 226347?
2
What is the units digit of 1142526?
6
What is the millions digit of 8918173?
8
What is the hundreds digit of 11620658?
6
What is the millions digit of 18348859?
8
What is the tens digit of 233346?
4
What is the thousands digit of 20066617?
6
What is the hundreds digit of 125769?
7
What is the thousands digit of 1035505?
5
What is the units digit of 86882?
2
What is the millions digit of 1418116?
1
What is the thousands digit of 112862?
2
What is the ten thousands digit of 5824666?
2
What is the thousands digit of 2460488?
0
What is the tens digit of 7521237?
3
What is the tens digit of 191809?
0
What is the tens digit of 607766?
6
What is the hundred thousands digit of 513901?
5
What is the hundreds digit of 123526?
5
What is the hundreds digit of 637905?
9
What is the hundred thousands digit of 1202269?
2
What is the hundreds digit of 3673350?
3
What is the thousands digit of 721215?
1
What is the thousands digit of 244066?
4
What is the tens digit of 3639137?
3
What is the tens digit of 2891860?
6
What is the hundreds digit of 543073?
0
What is the thousands digit of 1421190?
1
What is the tens digit of 3379458?
5
What is the units digit of 20848402?
2
What is the units digit of 197011?
1
What is the ten thousands digit of 326385?
2
What is the ten thousands digit of 255158?
5
What is the thousands digit of 39026?
9
What is the tens digit of 235630?
3
What is the thousands digit of 5270041?
0
What is the units digit of 289397?
7
What is the ten millions digit of 28234887?
2
What is the units digit of 247362?
2
What is the ten thousands digit of 266652?
6
What is the millions digit of 8924250?
8
What is the tens digit of 2844590?
9
What is the hundred thousands digit of 6495919?
4
What is the hundred thousands digit of 27358163?
3
What is the millions digit of 29768961?
9
What is the hundreds digit of 3378042?
0
What is the hundred thousands digit of 222658?
2
What is the thousands digit of 23693?
3
What is the units digit of 1148430?
0
What is the hundreds digit of 1301472?
4
What is the ten thousands digit of 1313481?
1
What is the units digit of 56209?
9
What is the hundreds digit of 617806?
8
What is the hundreds digit of 592329?
3
What is the ten thousands digit of 261297?
6
What is the hundred thousands digit of 4514331?
5
What is the hundreds digit of 1142845?
8
What is the units digit of 208185?
5
What is the ten thousands digit of 459963?
5
What is the units digit of 55785?
5
What is the tens digit of 15569319?
1
What is the thousands digit of 1729785?
9
What is the thousands digit of 11606086?
6
What is the hundred thousands digit of 4040632?
0
What is the units digit of 8068603?
3
What is the ten millions digit of 16238667?
1
What is the tens digit of 285489?
8
What is the tens digit of 5661948?
4
What is the tens digit of 8398924?
2
What is the hundred thousands digit of 697717?
6
What is the thousands digit of 856336?
6
What is the tens digit of 7872873?
7
What is the units digit of 32300233?
3
What is the ten thousands digit of 184722?
8
What is the hundred thousands digit of 378508?
3
What is the units digit of 5104984?
4
What is the hundreds digit of 3937326?
3
What is the millions digit of 1498983?
1
What is the hundred thousands digit of 136565?
1
What is the hundred thousands digit of 1791591?
7
What is the units digit of 5138548?
8
What is the millions digit of 5197578?
5
What is the millions digit of 21458329?
1
What is the tens digit of 272589?
8
What is the hundreds digit of 301270?
2
What is the ten thousands digit of 72892?
7
What is the hundreds digit of 86603?
6
What is the hundreds digit of 305784?
7
What is the hundreds digit of 175152?
1
What is the ten thousands digit of 518201?
1
What is the thousands digit of 628490?
8
What is the ten thousands digit of 3956004?
5
What is the tens digit of 1967129?
2
What is the ten thousands digit of 238011?
3
What is the thousands digit of 9658640?
8
What is the tens digit of 94256?
5
What is the tens digit of 8949884?
8
What is the ten thousands digit of 2362304?
6
What is the hundreds digit of 4552127?
1
What is the units digit of 1713026?
6
What is the ten thousands digit of 3314662?
1
What is the tens digit of 9106131?
3
What is the tens digit of 207645?
4
What is the hundreds digit of 368490?
4
What is the ten thousands digit of 5195010?
9
What is the hundred thousands digit of 1959346?
9
What is the hundred thousands digit of 337864?
3
What is the hundreds digit of 2503060?
0
What is the hundreds digit of 2230369?
3
What is the ten thousands digit of 1195462?
9
What is the units digit of 4560352?
2
What is the ten thousands digit of 181497?
8
What is the ten thousands digit of 576219?
7
What is the thousands digit of 13690794?
0
What is the t